 the prime factors of h?
3, 149
Let t(y) = -2*y**2 - 45*y - 9. Let u be t(-21). Let f = 142 + u. What are the prime factors of f?
2, 7
Suppose b - 3*k - 12 = 0, -2*k + 5*k = -b. Suppose b*h - 343 - 395 = 0. List the prime factors of h.
3, 41
Suppose -p - 6 + 37 = 0. Suppose -286 = 6*t - 8*t. Suppose 4*y - t = -p. List the prime factors of y.
2, 7
Let t(w) = -83*w - 222. What are the prime factors of t(-9)?
3, 5, 7
Suppose -2 = 5*o + 18. Let m(y) = -y**3 - 2*y**2 + 3*y - 1. What are the prime factors of m(o)?
19
Suppose -3*q = 4*g - 6, -4*q = -4*g - 0*g + 20. Suppose 7*k - 464 = g*k. List the prime factors of k.
2, 29
Let y = -48 + 31. Let h(v) = 2*v**2 - 44*v - 21. Let n be h(22). Let q = y - n. What are the prime factors of q?
2
Suppose -5*j = -r + 125, -5*j = -4*j + 4*r + 25. Let f = j - -56. List the prime factors of f.
31
Let z(y) = 81*y**2 + 54*y - 224. What are the prime factors of z(4)?
2, 7, 23
Let y = -22 - -18. Let f = 7 + y. Suppose -12 = -f*x, -5*a + x + x = -282. List the prime factors of a.
2, 29
Let j be (88/6)/(14/420). Suppose 25*h + j = 27*h. List the prime factors of h.
2, 5, 11
Let g(w) = 19*w - 9. Let p(j) = -2*j**3 - 3*j**2. Let x be p(-2). List the prime factors of g(x).
67
Suppose 9*a = 12*a + 111. Let p = a - -159. List the prime factors of p.
2, 61
Let x = 1224 - -536. What are the prime factors of x?
2, 5, 11
Suppose -2*d = 291 - 2661. What are the prime factors of d?
3, 5, 79
Suppose 5*u - 12 = 2*u. Suppose 22 = 2*m - 4*x, u*m + 6*x = 4*x + 64. What are the prime factors of m?
3, 5
Suppose -4*g - k + 47 = g, 2*g - 16 = k. Let x(r) = -10*r + 15*r - 1 + g*r + 6*r. List the prime factors of x(3).
59
Let j be 1/2*4 - 2. Suppose j*r - r = -18. List the prime factors of r.
2, 3
Suppose -680 = -46*w + 42*w. List the prime factors of w.
2, 5, 17
Suppose 15 = -5*g + 5*q, -q - 2*q + 9 = 5*g. Suppose g = 4*x - 7*x. Suppose x = 4*u - 0*u - 84. List the prime factors of u.
3, 7
Let b = 1951 + -927. What are the prime factors of b?
2
Suppose c = -3 + 25. Suppose 4*h + 2 - c = 0. Let m = 21 - h. What are the prime factors of m?
2
Suppose -5*l = -2 - 18. Let u = l + 114. List the prime factors of u.
2, 59
Suppose -558 = -112*g + 109*g. What are the prime factors of g?
2, 3, 31
Suppose 0 = 27*c - 14856 + 3624. List the prime factors of c.
2, 13
Let q be -10 + 10 - (5 - 1). List the prime factors of (-1)/q - 6903/(-36).
2, 3
Let i(h) = -14*h - 7. Let r be i(-5). Let k = 9 - 6. Suppose k*j + r = 6*j. List the prime factors of j.
3, 7
Let s = -162 - -323. What are the prime factors of s?
7, 23
Let v = -6 - -4. Let i = v + 5. Suppose -j = -i*k + 39, 5*k = -j - 4*j + 65. What are the prime factors of k?
13
Let r be (-3)/7 + 570/105. Suppose -13 = -2*i - h + 320, -r*h = -25. What are the prime factors of i?
2, 41
Let q(g) = 2*g**2 - g - 61. What are the prime factors of q(15)?
2, 11, 17
Let k(m) = 44*m + m**2 + 49*m - 90*m - 12. What are the prime factors of k(10)?
2, 59
Let d = -30 + 60. Let s = d - 17. List the prime factors of s.
13
Suppose -77*w + 40*w = -104451. What are the prime factors of w?
3, 941
Let u be ((-16)/(-40))/(1/15). List the prime factors of (-1 - 74)*u/(-15).
2, 3, 5
Let n(w) = w**2 - 6*w - 4. Suppose 0*m + 5*m + 46 = 3*p, -p = 3*m + 8. Let q be n(p). What are the prime factors of 1/q*(3 - -48)?
17
Let w = 2010 + -1063. List the prime factors of w.
947
Let a(h) = h**3 - 9*h**2 - 11*h - 41. Let r be a(11). Let v = 250 - r. List the prime factors of v.
2, 5, 17
Let p = 658 - 501. What are the prime factors of p?
157
Suppose 2*a - 20 = 3*a. Let u = a - -20. List the prime factors of u - 1 - 50/(-2).
2, 3
Suppose -4*p = -5069 + 3477. What are the prime factors of p?
2, 199
Let g = 3896 - 2732. What are the prime factors of g?
2, 3, 97
Suppose 3*y + 90 = -3*b, 123 = -4*y + 2*b - 5*b. Let w = y - -94. What are the prime factors of w?
61
Let a(h) = h**2 + h + 8. Let n be a(-4). Suppose 5*z = -n, 4*r + z + 122 = 18. Let g = -8 - r. List the prime factors of g.
17
Let c be 715 + -5 + 5 + -3. Suppose -4*u + c = -n, 4*u + 4*n = 9*u - 901. List the prime factors of u.
3, 59
Let y = -869 + 1034. List the prime factors of y.
3, 5, 11
Let a be -2*3/12*4. Let k be 7 - (-1)/a*6. Suppose 3*v - 117 = 3*w - 33, -k*w = v - 28. List the prime factors of v.
2, 7
Let q(m) = -2*m + 515. Let v be q(0). Suppose 2*f = -2*x + 226, 5*f = 4*x + x + v. What are the prime factors of f?
2, 3
Suppose d = 0, -4*l + 3*d + 42 = -570. Suppose 210 = -42*c + 47*c. Suppose -5*a - t + l = 0, 4*t - c = -a - 0*t. List the prime factors of a.
2, 3, 5
Suppose 0 = -4*z + 9*z - 3*u - 2909, 0 = 3*z + 3*u - 1755. List the prime factors of z.
11, 53
Let w = -3976 - -6073. List the prime factors of w.
3, 233
Suppose 2*y - p = -2*p - 27, 5*p = -2*y - 15. List the prime factors of 778/15 + (-2)/y.
2, 13
Let t(o) = 92*o - 27. What are the prime factors of t(5)?
433
Let l(z) = 210*z + 199. What are the prime factors of l(8)?
1879
Suppose 11*a - 13*a = 10. Let d be (4 - 9)/(a/2). Suppose 22 = 2*i + 5*f, -i - 1 + d = 5*f. What are the prime factors of i?
3, 7
Let n(r) = -r - 40. Let u(f) = 5*f + 161. Let m(a) = -9*n(a) - 2*u(a). What are the prime factors of m(14)?
2, 3
Suppose -2*j - 3*g + 42 = 0, 0 = j - 2*j - 4*g + 31. List the prime factors of 402/j*(-2)/(-2)*5.
2, 67
Let c = 55 + -24. Let j = c - -24. What are the prime factors of j?
5, 11
List the prime factors of (-6)/(-9) - (-9016)/21.
2, 5, 43
Let w(s) = -97*s + 5. Suppose -10*v + 5 = 25. List the prime factors of w(v).
199
Let j(r) = -34*r + 5. Suppose 8*s + 9 = -23. List the prime factors of j(s).
3, 47
Let t = -2346 + 3297. What are the prime factors of t?
3, 317
Let h(l) = -10*l - 14. Let a be h(-3). Suppose -a*p = -18*p + 246. What are the prime factors of p?
3, 41
Suppose 0 = 27*i - 15481 - 5822. List the prime factors of i.
3, 263
Let a(g) = -g**3 - 6*g**2 - 5*g + 3. Let r be a(-5). Suppose r*i - 4 - 2 = 0, 2*i - 94 = -5*m. List the prime factors of m.
2, 3
Suppose 4*q - 14 - 14 = 0. Suppose 26 = -r - q. Let w = r - -56. List the prime factors of w.
23
Let n = -17 - -20. What are the prime factors of (-3 + 4)*(40 + n)?
43
Let q(y) = -3*y**2 - 9*y - 5. Let r be q(-3). What are the prime factors of 101 + (0/4)/r?
101
Suppose -6*j - 18 - 36 = 0. Let r = 91 - 58. Let g = r + j. What are the prime factors of g?
2, 3
Let t(b) = 127*b**2 + 4*b + 1. List the prime factors of t(2).
11, 47
Let v be 2/12 + (-3505)/(-30). Suppose -2*m = -v - 23. List the prime factors of m.
2, 5, 7
Let l(a) = -37*a + 96. What are the prime factors of l(-10)?
2, 233
Let u = 17 + -11. Let k be (u/(-9))/((-4)/114). Suppose -65 = -4*v + k. What are the prime factors of v?
3, 7
Let f = -60 + 63. Suppose 0 = q - c - 1 - 6, 4*q = -c + 13. Suppose -f*h = q*p + 36 - 137, -p + 4*h = -30. List the prime factors of p.
2, 13
Let u be (-6 + 3 - -2)*-19. Suppose -5*x + u + 21 = 0. Let f(h) = -h**2 + 10*h - 9. What are the prime factors of f(x)?
7
Suppose -2*a - 2*u + 5770 = 1826, 3*a - 5918 = -2*u. What are the prime factors of a?
2, 3, 7, 47
Suppose -2 = 2*b - 2*r, 0*r = 5*b + r + 11. Let z(o) = 11*o**2 - 3. List the prime factors of z(b).
41
Let n be (8 + -4 - 2) + 0. Suppose -7*i - 6 = -n*x - 3*i, 4*x - 56 = -3*i. List the prime factors of x.
11
Suppose 5*p + 5 = 0, 466 = -4*u + 2*p + 1436. Suppose 9*b - 28 - u = 0. What are the prime factors of b?
2, 3, 5
Let t be 8 + (-2)/((-12)/18*-1). Let o = -6 - -21. What are the prime factors of 1/t - (-342)/o?
23
Suppose 16*p - 18*p - 464 = 0. What are the prime factors of p/3*(-2 - 8/(-16))?
2, 29
Suppose 0 = -7*y + 6*y - o + 203, o = 5*y - 1033. What are the prime factors of y?
2, 103
Let a be 1 - (1 - 3) - -2. Suppose 4*d - 3*d = a. Let l(x) = x**3 - 5*x**2 + x - 2. What are the prime factors of l(d)?
3
Suppose 7*a + a = 16. Suppose -188 = -a*y - 3*j, -y - 202 = -3*y + 4*j. List the prime factors of y.
97
Let n = 71 + -285. Let p = n - -314. Suppose a + c + 126 = 6*a, -4*a + p = -c. What are the prime factors of a?
2, 13
Let j be (-5)/(30/8)*-3. Suppose -8*v = -j*v - 96. What are the prime factors of v?
2, 3
Let x(z) = -z. Suppose 0 = -3*d - 15 - 33. What are the prime factors of x(d)?
2
Let u = -144 + 211. Let r = 124 - u. List the prime factors of r.
3, 19
Suppose -1649 = -5*f + 4*o, -2*o + 1316 = 